{"id":3836,"date":"2024-12-28T23:14:02","date_gmt":"2024-12-28T23:14:02","guid":{"rendered":"https:\/\/tiendabkool.com\/?post_type=product&#038;p=3836"},"modified":"2024-12-29T03:47:08","modified_gmt":"2024-12-29T03:47:08","slug":"element-mohave-grade-venta-final-no-devolucion","status":"publish","type":"product","link":"https:\/\/tiendabkool.com\/?product=element-mohave-grade-venta-final-no-devolucion","title":{"rendered":"Element Mohave Grade &#8211; venta final no devolucion"},"content":{"rendered":"<p>Tienda BKOOL presenta Element Mohave, el camino nunca termina con la Mochila Mohave por que esta fabricada con poli\u00e9ster 600D duradero, respaldado por TPE, este conjunto ofrece mucho espacio en los bolsillos: un compartimento principal con una funda acolchada para computadora port\u00e1til para su valioso hardware, un bolsillo frontal con cremallera para f\u00e1cil acceso, dos bolsillos laterales para mayor comodidad y una parte superior, estuche para gafas de sol para cuando est\u00e1s en movimiento, con correas exteriores para patinetas para tener todo tu equipo en un solo lugar, ofrece un amplio volumen de treinta litros, tejido ecol\u00f3gico respaldo de TPE de poli\u00e9ster reciclado, con\u00a01 compartimento principal, 1 bolsillo frontal + 2 bolsillos laterales con cremallera, 1 bolsillo superior de tricot para gafas de sol y 1 funda acolchada para computadora port\u00e1til de 13&#8243; a 15&#8243; con cierre de cinta de gancho y bucle con correas ergon\u00f3micas acolchadas con respaldo de malla de aire 3D y de refuerzo panel trasero de malla de aire 3D y base inferior acolchada, tiene las siguientes dimensiones: 18,11&#8243; altura x 11,02&#8243; ancho x 8,26&#8243; profundidad \/ 46 cm x 28 cm x 21 cm, volumen de 30 L de capacidad, cuerpo principal s\u00f3lido, correas delanteras plegables para monopat\u00edn, sistema de estern\u00f3n ajustable, aplique con el logotipo del \u00e1rbol y marca tejida, tiradores de tela propia, forro de poli\u00e9ster reciclado, esta hecha en\u00a0100% poli\u00e9ster 600D.<\/p>\n","protected":false},"excerpt":{"rendered":"<p>Tienda BKOOL presenta Element Mohave, el camino nunca termina con la Mochila Mohave por que esta fabricada con poli\u00e9ster 600D duradero, respaldado por TPE, este conjunto ofrece mucho espacio en los bolsillos: un compartimento principal con una funda acolchada para computadora port\u00e1til para su valioso hardware, un bolsillo frontal con cremallera para f\u00e1cil acceso, dos bolsillos laterales para mayor comodidad y una parte superior, estuche para gafas de sol para cuando est\u00e1s en movimiento, con correas exteriores para patinetas para tener todo tu equipo en un solo lugar, ofrece un amplio volumen de treinta litros, tejido ecol\u00f3gico respaldo de TPE de poli\u00e9ster reciclado, con\u00a01 compartimento principal, 1 bolsillo frontal + 2 bolsillos laterales con cremallera, 1 bolsillo superior de tricot para gafas de sol y 1 funda acolchada para computadora port\u00e1til de 13&#8243; a 15&#8243; con cierre de cinta de gancho y bucle con correas ergon\u00f3micas acolchadas con respaldo de malla de aire 3D y de refuerzo panel trasero de malla de aire 3D y base inferior acolchada, tiene las siguientes dimensiones: 18,11&#8243; altura x 11,02&#8243; ancho x 8,26&#8243; profundidad \/ 46 cm x 28 cm x 21 cm, volumen de 30 L de capacidad, cuerpo principal s\u00f3lido, correas delanteras plegables para monopat\u00edn, sistema de estern\u00f3n ajustable, aplique con el logotipo del \u00e1rbol y marca tejida, tiradores de tela propia, forro de poli\u00e9ster reciclado, esta hecha en\u00a0100% poli\u00e9ster 600D.<\/p>\n","protected":false},"featured_media":3867,"comment_status":"open","ping_status":"closed","template":"","meta":[],"product_cat":[200,205],"product_tag":[],"class_list":{"0":"post-3836","1":"product","2":"type-product","3":"status-publish","4":"has-post-thumbnail","6":"product_cat-hombre","7":"product_cat-mochila_hombre","9":"first","10":"instock","11":"taxable","12":"shipping-taxable","13":"purchasable","14":"product-type-simple"},"jetpack_sharing_enabled":true,"_links":{"self":[{"href":"https:\/\/tiendabkool.com\/index.php?rest_route=\/wp\/v2\/product\/3836","targetHints":{"allow":["GET"]}}],"collection":[{"href":"https:\/\/tiendabkool.com\/index.php?rest_route=\/wp\/v2\/product"}],"about":[{"href":"https:\/\/tiendabkool.com\/index.php?rest_route=\/wp\/v2\/types\/product"}],"replies":[{"embeddable":true,"href":"https:\/\/tiendabkool.com\/index.php?rest_route=%2Fwp%2Fv2%2Fcomments&post=3836"}],"wp:featuredmedia":[{"embeddable":true,"href":"https:\/\/tiendabkool.com\/index.php?rest_route=\/wp\/v2\/media\/3867"}],"wp:attachment":[{"href":"https:\/\/tiendabkool.com\/index.php?rest_route=%2Fwp%2Fv2%2Fmedia&parent=3836"}],"wp:term":[{"taxonomy":"product_cat","embeddable":true,"href":"https:\/\/tiendabkool.com\/index.php?rest_route=%2Fwp%2Fv2%2Fproduct_cat&post=3836"},{"taxonomy":"product_tag","embeddable":true,"href":"https:\/\/tiendabkool.com\/index.php?rest_route=%2Fwp%2Fv2%2Fproduct_tag&post=3836"}],"curies":[{"name":"wp","href":"https:\/\/api.w.org\/{rel}","templated":true}]}}