{"id":3699,"date":"2024-12-21T22:27:21","date_gmt":"2024-12-21T22:27:21","guid":{"rendered":"https:\/\/tiendabkool.com\/?post_type=product&#038;p=3699"},"modified":"2025-02-11T23:34:14","modified_gmt":"2025-02-11T23:34:14","slug":"levis-jeans-501-venta-final-no-devolucion","status":"publish","type":"product","link":"https:\/\/tiendabkool.com\/?product=levis-jeans-501-venta-final-no-devolucion","title":{"rendered":"Levi&#8217;s Jeans 501 &#8211; venta final no devolucion."},"content":{"rendered":"<p>Tienda BKOOL presenta Levi&#8217;s 501 Jeans, no solo inventar\u00f3n los jeans azules, tambi\u00e9n inventar\u00f3n los primeros pantalones cortos de mezclilla, un estilo ic\u00f3nico que define tu cintura y te abraza en todos los lugares correctos, estos pantalones cortos 501 se combinan con tu est\u00e9tica personal para un uso vers\u00e1til, estan hechos en 100% algod\u00f3n.<\/p>\n","protected":false},"excerpt":{"rendered":"<p>Tienda BKOOL presenta Levi&#8217;s 501 Jeans, no solo inventar\u00f3n los jeans azules, tambi\u00e9n inventar\u00f3n los primeros pantalones cortos de mezclilla, un estilo ic\u00f3nico que define tu cintura y te abraza en todos los lugares correctos, estos pantalones cortos 501 se combinan con tu est\u00e9tica personal para un uso vers\u00e1til, estan hechos en 100% algod\u00f3n.<\/p>\n","protected":false},"featured_media":3711,"comment_status":"open","ping_status":"closed","template":"","meta":[],"product_cat":[237,197,226],"product_tag":[],"class_list":{"0":"post-3699","1":"product","2":"type-product","3":"status-publish","4":"has-post-thumbnail","6":"product_cat-jeans-short","7":"product_cat-mujer-2","8":"product_cat-short","10":"first","11":"instock","12":"taxable","13":"shipping-taxable","14":"purchasable","15":"product-type-variable","16":"has-default-attributes"},"jetpack_sharing_enabled":true,"_links":{"self":[{"href":"https:\/\/tiendabkool.com\/index.php?rest_route=\/wp\/v2\/product\/3699","targetHints":{"allow":["GET"]}}],"collection":[{"href":"https:\/\/tiendabkool.com\/index.php?rest_route=\/wp\/v2\/product"}],"about":[{"href":"https:\/\/tiendabkool.com\/index.php?rest_route=\/wp\/v2\/types\/product"}],"replies":[{"embeddable":true,"href":"https:\/\/tiendabkool.com\/index.php?rest_route=%2Fwp%2Fv2%2Fcomments&post=3699"}],"wp:featuredmedia":[{"embeddable":true,"href":"https:\/\/tiendabkool.com\/index.php?rest_route=\/wp\/v2\/media\/3711"}],"wp:attachment":[{"href":"https:\/\/tiendabkool.com\/index.php?rest_route=%2Fwp%2Fv2%2Fmedia&parent=3699"}],"wp:term":[{"taxonomy":"product_cat","embeddable":true,"href":"https:\/\/tiendabkool.com\/index.php?rest_route=%2Fwp%2Fv2%2Fproduct_cat&post=3699"},{"taxonomy":"product_tag","embeddable":true,"href":"https:\/\/tiendabkool.com\/index.php?rest_route=%2Fwp%2Fv2%2Fproduct_tag&post=3699"}],"curies":[{"name":"wp","href":"https:\/\/api.w.org\/{rel}","templated":true}]}}