{"id":3686,"date":"2024-12-21T20:40:41","date_gmt":"2024-12-21T20:40:41","guid":{"rendered":"https:\/\/tiendabkool.com\/?post_type=product&#038;p=3686"},"modified":"2024-12-21T21:54:28","modified_gmt":"2024-12-21T21:54:28","slug":"kendra-scott-rhodium-coctail-ring-venta-final-no-devolucion","status":"publish","type":"product","link":"https:\/\/tiendabkool.com\/?product=kendra-scott-rhodium-coctail-ring-venta-final-no-devolucion","title":{"rendered":"Kendra Scott Rhodium Coctail Ring &#8211; venta final no devolucion"},"content":{"rendered":"<p>Tienda BKOOL presenta Kendra Scott Framed Rhodium Cocktail Ring In Golden Abalone, con una piedra de abul\u00f3n dorado facetada, el anillo de c\u00f3ctel de Plata Dani enmarcado es una declaraci\u00f3n moderna que buscar\u00e1 a diario, uselo solo o junto con sus anillos minimalistas favoritos.<\/p>\n","protected":false},"excerpt":{"rendered":"<p>Tienda BKOOL presenta Kendra Scott Framed Rhodium Cocktail Ring In Golden Abalone, con una piedra de abul\u00f3n dorado facetada, el anillo de c\u00f3ctel de Plata Dani enmarcado es una declaraci\u00f3n moderna que buscar\u00e1 a diario, uselo solo o junto con sus anillos minimalistas favoritos.<\/p>\n","protected":false},"featured_media":3698,"comment_status":"open","ping_status":"closed","template":"","meta":[],"product_cat":[325,227,243,197],"product_tag":[],"class_list":{"0":"post-3686","1":"product","2":"type-product","3":"status-publish","4":"has-post-thumbnail","6":"product_cat-anillo","7":"product_cat-accesorios","8":"product_cat-joyeria","9":"product_cat-mujer-2","11":"first","12":"instock","13":"purchasable","14":"product-type-simple"},"jetpack_sharing_enabled":true,"_links":{"self":[{"href":"https:\/\/tiendabkool.com\/index.php?rest_route=\/wp\/v2\/product\/3686","targetHints":{"allow":["GET"]}}],"collection":[{"href":"https:\/\/tiendabkool.com\/index.php?rest_route=\/wp\/v2\/product"}],"about":[{"href":"https:\/\/tiendabkool.com\/index.php?rest_route=\/wp\/v2\/types\/product"}],"replies":[{"embeddable":true,"href":"https:\/\/tiendabkool.com\/index.php?rest_route=%2Fwp%2Fv2%2Fcomments&post=3686"}],"wp:featuredmedia":[{"embeddable":true,"href":"https:\/\/tiendabkool.com\/index.php?rest_route=\/wp\/v2\/media\/3698"}],"wp:attachment":[{"href":"https:\/\/tiendabkool.com\/index.php?rest_route=%2Fwp%2Fv2%2Fmedia&parent=3686"}],"wp:term":[{"taxonomy":"product_cat","embeddable":true,"href":"https:\/\/tiendabkool.com\/index.php?rest_route=%2Fwp%2Fv2%2Fproduct_cat&post=3686"},{"taxonomy":"product_tag","embeddable":true,"href":"https:\/\/tiendabkool.com\/index.php?rest_route=%2Fwp%2Fv2%2Fproduct_tag&post=3686"}],"curies":[{"name":"wp","href":"https:\/\/api.w.org\/{rel}","templated":true}]}}