{"id":15667,"date":"2026-04-11T20:23:03","date_gmt":"2026-04-11T20:23:03","guid":{"rendered":"https:\/\/tiendabkool.com\/?post_type=product&#038;p=15667"},"modified":"2026-04-26T00:10:37","modified_gmt":"2026-04-26T00:10:37","slug":"tommy-hilfiger-belted-dress-envios-gratis-cargotrans","status":"publish","type":"product","link":"https:\/\/tiendabkool.com\/?product=tommy-hilfiger-belted-dress-envios-gratis-cargotrans","title":{"rendered":"Tommy Hilfiger Belted Dress &#8211; ENVIOS GRATIS CARGOTRANS."},"content":{"rendered":"<p>Tienda BKOOL presenta Tommy Hilfiger Belted Oxford Dress, si tienes dudas, elige un Oxford, un tejido reconocido por su versatilidad con un corte holgado y un cintur\u00f3n desmontable, es pr\u00e1cticamente tu vestido favorito, con detalles de cierre con botones, cintur\u00f3n con anilla en D desmontable, mangas largas, este producto contiene algod\u00f3n org\u00e1nico con certificaci\u00f3n independiente, lo que significa que se cultivo sin pesticidas, fertilizantes qu\u00edmicos ni semillas modificadas gen\u00e9ticamente, esta hecho en 100% algod\u00f3n org\u00e1nico.\u00a0<br \/>Este producto es venta final no se acepta devoluci\u00f3n.\u00a0<\/p>\n","protected":false},"excerpt":{"rendered":"<p>Tienda BKOOL presenta Tommy Hilfiger Belted Oxford Dress, si tienes dudas, elige un Oxford, un tejido reconocido por su versatilidad con un corte holgado y un cintur\u00f3n desmontable, es pr\u00e1cticamente tu vestido favorito, con detalles de cierre con botones, cintur\u00f3n con anilla en D desmontable, mangas largas, este producto contiene algod\u00f3n org\u00e1nico con certificaci\u00f3n independiente, lo que significa que se cultivo sin pesticidas, fertilizantes qu\u00edmicos ni semillas modificadas gen\u00e9ticamente, esta hecho en 100% algod\u00f3n org\u00e1nico.\u00a0<br \/>Este producto es venta final no se acepta devoluci\u00f3n.\u00a0<\/p>\n","protected":false},"featured_media":15926,"comment_status":"open","ping_status":"closed","template":"","meta":[],"product_cat":[197,301,300],"product_tag":[],"class_list":{"0":"post-15667","1":"product","2":"type-product","3":"status-publish","4":"has-post-thumbnail","6":"product_cat-mujer-2","7":"product_cat-vestido","8":"product_cat-vestidos","10":"first","11":"instock","12":"taxable","13":"shipping-taxable","14":"purchasable","15":"product-type-variable","16":"has-default-attributes"},"jetpack_sharing_enabled":true,"_links":{"self":[{"href":"https:\/\/tiendabkool.com\/index.php?rest_route=\/wp\/v2\/product\/15667","targetHints":{"allow":["GET"]}}],"collection":[{"href":"https:\/\/tiendabkool.com\/index.php?rest_route=\/wp\/v2\/product"}],"about":[{"href":"https:\/\/tiendabkool.com\/index.php?rest_route=\/wp\/v2\/types\/product"}],"replies":[{"embeddable":true,"href":"https:\/\/tiendabkool.com\/index.php?rest_route=%2Fwp%2Fv2%2Fcomments&post=15667"}],"wp:featuredmedia":[{"embeddable":true,"href":"https:\/\/tiendabkool.com\/index.php?rest_route=\/wp\/v2\/media\/15926"}],"wp:attachment":[{"href":"https:\/\/tiendabkool.com\/index.php?rest_route=%2Fwp%2Fv2%2Fmedia&parent=15667"}],"wp:term":[{"taxonomy":"product_cat","embeddable":true,"href":"https:\/\/tiendabkool.com\/index.php?rest_route=%2Fwp%2Fv2%2Fproduct_cat&post=15667"},{"taxonomy":"product_tag","embeddable":true,"href":"https:\/\/tiendabkool.com\/index.php?rest_route=%2Fwp%2Fv2%2Fproduct_tag&post=15667"}],"curies":[{"name":"wp","href":"https:\/\/api.w.org\/{rel}","templated":true}]}}