{"id":15546,"date":"2026-04-07T22:51:13","date_gmt":"2026-04-07T22:51:13","guid":{"rendered":"https:\/\/tiendabkool.com\/?post_type=product&#038;p=15546"},"modified":"2026-04-24T00:40:30","modified_gmt":"2026-04-24T00:40:30","slug":"tommy-hilfiger-relaxed-envio-gratis-cargotrans-2","status":"publish","type":"product","link":"https:\/\/tiendabkool.com\/?product=tommy-hilfiger-relaxed-envio-gratis-cargotrans-2","title":{"rendered":"Tommy Hilfiger Relaxed &#8211; ENVIO GRATIS CARGOTRANS."},"content":{"rendered":"<p>Tienda BKOOL presenta Tommy Hilfiger Relaxed, camisa de mujer TH en color verde bajo a rayas confeccionada en popelina de algod\u00f3n puro y con un corte holgado, esta camisa de rayas es una prenda vers\u00e1til ideal tanto para la oficina como para escapadas de fin de semana con detalles como cuello cl\u00e1sico, cierre de botones, mangas largas, bolsillo de parche en el pecho con un largo desde el punto m\u00e1s alto del hombro de 70cm. Medidas basadas en la talla S de corteholgado, esta hecha en 100% algod\u00f3n.<br \/>Este articulo es venta final no se acepta devolucion.<\/p>\n","protected":false},"excerpt":{"rendered":"<p>Tienda BKOOL presenta Tommy Hilfiger Relaxed, camisa de mujer TH en color verde bajo a rayas confeccionada en popelina de algod\u00f3n puro y con un corte holgado, esta camisa de rayas es una prenda vers\u00e1til ideal tanto para la oficina como para escapadas de fin de semana con detalles como cuello cl\u00e1sico, cierre de botones, mangas largas, bolsillo de parche en el pecho con un largo desde el punto m\u00e1s alto del hombro de 70cm. Medidas basadas en la talla S de corteholgado, esta hecha en 100% algod\u00f3n.<br \/>Este articulo es venta final no se acepta devolucion.<\/p>\n","protected":false},"featured_media":15853,"comment_status":"open","ping_status":"closed","template":"","meta":[],"product_cat":[224,231,197],"product_tag":[],"class_list":{"0":"post-15546","1":"product","2":"type-product","3":"status-publish","4":"has-post-thumbnail","6":"product_cat-camisas","7":"product_cat-manga-larga","8":"product_cat-mujer-2","10":"first","11":"instock","12":"taxable","13":"shipping-taxable","14":"purchasable","15":"product-type-variable","16":"has-default-attributes"},"jetpack_sharing_enabled":true,"_links":{"self":[{"href":"https:\/\/tiendabkool.com\/index.php?rest_route=\/wp\/v2\/product\/15546","targetHints":{"allow":["GET"]}}],"collection":[{"href":"https:\/\/tiendabkool.com\/index.php?rest_route=\/wp\/v2\/product"}],"about":[{"href":"https:\/\/tiendabkool.com\/index.php?rest_route=\/wp\/v2\/types\/product"}],"replies":[{"embeddable":true,"href":"https:\/\/tiendabkool.com\/index.php?rest_route=%2Fwp%2Fv2%2Fcomments&post=15546"}],"wp:featuredmedia":[{"embeddable":true,"href":"https:\/\/tiendabkool.com\/index.php?rest_route=\/wp\/v2\/media\/15853"}],"wp:attachment":[{"href":"https:\/\/tiendabkool.com\/index.php?rest_route=%2Fwp%2Fv2%2Fmedia&parent=15546"}],"wp:term":[{"taxonomy":"product_cat","embeddable":true,"href":"https:\/\/tiendabkool.com\/index.php?rest_route=%2Fwp%2Fv2%2Fproduct_cat&post=15546"},{"taxonomy":"product_tag","embeddable":true,"href":"https:\/\/tiendabkool.com\/index.php?rest_route=%2Fwp%2Fv2%2Fproduct_tag&post=15546"}],"curies":[{"name":"wp","href":"https:\/\/api.w.org\/{rel}","templated":true}]}}